180108 is divided by 31.
29
Calculate the remainder when 62308 is divided by 67.
65
Calculate the remainder when 21228 is divided by 1081.
689
What is the remainder when 187729 is divided by 1173?
49
What is the remainder when 14227 is divided by 8?
3
Calculate the remainder when 372251 is divided by 9079.
12
Calculate the remainder when 12477 is divided by 4153.
18
Calculate the remainder when 3580 is divided by 133.
122
Calculate the remainder when 292 is divided by 163.
129
Calculate the remainder when 5380 is divided by 91.
11
What is the remainder when 139561 is divided by 41?
38
What is the remainder when 786 is divided by 768?
18
What is the remainder when 3675 is divided by 3322?
353
Calculate the remainder when 126 is divided by 47.
32
Calculate the remainder when 325029 is divided by 17105.
34
Calculate the remainder when 519685 is divided by 751.
744
Calculate the remainder when 240115 is divided by 30014.
3
Calculate the remainder when 2793 is divided by 43.
41
Calculate the remainder when 13756 is divided by 21.
1
Calculate the remainder when 567211 is divided by 1212.
1207
What is the remainder when 11095 is divided by 1551?
238
Calculate the remainder when 35637 is divided by 22.
19
What is the remainder when 3066 is divided by 565?
241
Calculate the remainder when 1588436 is divided by 854.
850
What is the remainder when 7778800 is divided by 179?
176
What is the remainder when 23088 is divided by 3296?
16
What is the remainder when 3737 is divided by 246?
47
What is the remainder when 3063 is divided by 216?
39
Calculate the remainder when 17200 is divided by 549.
181
Calculate the remainder when 469 is divided by 206.
57
Calculate the remainder when 1546 is divided by 909.
637
What is the remainder when 5719 is divided by 1847?
178
Calculate the remainder when 3111617 is divided by 89.
88
What is the remainder when 83634 is divided by 27876?
6
What is the remainder when 64776 is divided by 14?
12
What is the remainder when 70323 is divided by 1192?
1187
Calculate the remainder when 19433 is divided by 3886.
3
Calculate the remainder when 229883 is divided by 14.
3
Calculate the remainder when 50642 is divided by 44.
42
What is the remainder when 23848 is divided by 84?
76
What is the remainder when 1686295 is divided by 28?
23
Calculate the remainder when 590 is divided by 550.
40
What is the remainder when 21158 is divided by 225?
8
Calculate the remainder when 58148 is divided by 5286.
2
Calculate the remainder when 182 is divided by 94.
88
Calculate the remainder when 265943 is divided by 1350.
1343
Calculate the remainder when 7613 is divided by 112.
109
Calculate the remainder when 1217 is divided by 13.
8
Calculate the remainder when 130622 is divided by 123.
119
What is the remainder when 22365 is divided by 578?
401
Calculate the remainder when 28127 is divided by 2008.
15
What is the remainder when 407206 is divided by 24?
22
What is the remainder when 3042259 is divided by 130?
129
Calculate the remainder when 133834 is divided by 145.
144
What is the remainder when 6753146 is divided by 47?
45
What is the remainder when 32315 is divided by 355?
10
What is the remainder when 4858 is divided by 36?
34
What is the remainder when 2785 is divided by 1716?
1069
Calculate the remainder when 158709 is divided by 364.
5
Calculate the remainder when 20458 is divided by 165.
163
Calculate the remainder when 1267 is divided by 144.
115
Calculate the remainder when 2046 is divided by 673.
27
Calculate the remainder when 4134 is divided by 324.
246
What is the remainder when 841 is divided by 255?
76
What is the remainder when 222842 is divided by 74?
28
Calculate the remainder when 28315 is divided by 194.
185
What is the remainder when 8680 is divided by 50?
30
Calculate the remainder when 6881 is divided by 3147.
587
Calculate the remainder when 1335 is divided by 1326.
9
What is the remainder when 90769 is divided by 45222?
325
What is the remainder when 7920 is divided by 42?
24
What is the remainder when 168361 is divided by 1403?
1
What is the remainder when 307269 is divided by 1138?
9
Calculate the remainder when 3249 is divided by 251.
237
What is the remainder when 153167 is divided by 72?
23
What is the remainder when 45555 is divided by 22746?
63
Calculate the remainder when 5078 is divided by 151.
95
What is the remainder when 11113 is divided by 1110?
13
Calculate the remainder when 145646 is divided by 50.
46
Calculate the remainder when 59014 is divided by 26.
20
Calculate the remainder when 1286 is divided by 354.
224
What is the remainder when 2061 is divided by 317?
159
What is the remainder when 39577 is divided by 961?
176
Calculate the remainder when 90835 is divided by 359.
8
What is the remainder when 6024 is divided by 11?
7
Calculate the remainder when 908 is divided by 121.
61
Calculate the remainder when 261376 is divided by 3.
1
Calculate the remainder when 3896969 is divided by 70.
69
What is the remainder when 361781 is divided by 15?
11
What is the remainder when 24186 is divided by 2685?
21
Calculate the remainder when 1599 is divided by 382.
71
What is the remainder when 263 is divided by 11?
10
Calculate the remainder when 37525 is divided by 37499.
26
Calculate the remainder when 2590 is divided by 133.
63
What is the remainder when 2307 is divided by 528?
195
What is the remainder when 56794 is divided by 164?
50
Calculate the remainder when 378523 is divided by 309.
307
What is the remainder when 2226 is divided by 473?
334
Calculate the remainder when 16986 is divided by 679.
11
Calculate the remainder when 75751 is divided by 4734.
7
What is the remainder when 666 is divided by 313?
40
What is the remainder when 209332 is divided by 13?
6
What is the remainder when 9895 is divided by 396?
391
Calculate the remainder when 4113 is divided by 813.
48
What is the remainder when 67859 is divided by 195?
194
What is the remainder when 13816 is divided by 1432?
928
Calculate the remainder when 2610976 is divided by 76.
72
Calculate the remainder when 138504 is divided by 90.
84
What is the remainder when 707035 is divided by 12?
7
Calculate the remainder when 177902 is divided by 12.
2
Calculate the remainder when 1280867 is divided by 10.
7
Calculate the remainder when 8930 is divided by 113.
3
What is the remainder when 7612 is divided by 7479?
133
Calculate the remainder when 263402 is divided by 326.
320
Calculate the remainder when 928233 is divided by 18.
9
Calculate the remainder when 28988 is divided by 547.
544
Calculate the remainder when 549846 is divided by 34.
32
Calculate the remainder when 1643 is divided by 526.
65
What is the remainder when 100 is divided by 33?
1
Calculate the remainder when 31305 is divided by 310.
305
What is the remainder when 28937 is divided by 228?
209
What is the remainder when 296841 is divided by 466?
465
Calculate the remainder when 202 is divided by 165.
37
What is the remainder when 4733 is divided by 290?
93
What is the remainder when 411451 is divided by 1159?
6
What is the remainder when 485814 is divided by 214?
34
Calculate the remainder when 3009 is divided by 186.
33
What is the remainder when 10234 is divided by 78?
16
What is the remainder when 5782 is divided by 1152?
22
Calculate the remainder when 4986 is divided by 417.
399
Calculate the remainder when 45517 is divided by 42.
31
What is the remainder when 145560 is divided by 363?
360
Calculate the remainder when 529085 is divided by 414.
407
What is the remainder when 23698 is divided by 431?
424
Calculate the remainder when 61512 is divided by 94.
36
What is the remainder when 1160 is divided by 463?
234
What is the remainder when 2810129 is divided by 43?
36
Calculate the remainder when 311573 is divided by 1101.
1091
What is the remainder when 64739 is divided by 1157?
1104
What is the remainder when 11574 is divided by 5?
4
What is the remainder when 526191 is divided by 44?
39
What is the remainder when 469 is divided by 431?
38
Calculate the remainder when 50564 is divided by 829.
824
Calculate the remainder when 123973 is divided by 95.
93
What is the remainder when 7239 is divided by 3408?
423
Calculate the remainder when 40700 is divided by 13566.
2
What is the remainder 